{"id":84,"date":"2014-08-28T18:14:19","date_gmt":"2014-08-28T17:14:19","guid":{"rendered":"http:\/\/www.apordoc.org\/?page_id=84"},"modified":"2025-10-09T19:02:46","modified_gmt":"2025-10-09T19:02:46","slug":"apresentacao","status":"publish","type":"page","link":"https:\/\/www.apordoc.org\/?page_id=84","title":{"rendered":"Apresenta\u00e7\u00e3o"},"content":{"rendered":"<p>A Apordoc &#8211; Associa\u00e7\u00e3o pelo Document\u00e1rio, fundada em 1998, \u00e9 uma associa\u00e7\u00e3o cultural sem fins lucrativos que tem como principais objectivos apoiar, promover e estimular o interesse pelo cinema documental.<\/p>\n<p>Dos seus s\u00f3cios fazem parte cineastas, produtores, professores, investigadores, programadores e espectadores. A Associa\u00e7\u00e3o tem sido, ao longo dos seus 23 anos de exist\u00eancia, o motor de um processo que definiu um territ\u00f3rio forte e est\u00e1vel para o document\u00e1rio em Portugal. Vemos o document\u00e1rio na sua pluralidade, n\u00e3o cabendo dentro de uma defini\u00e7\u00e3o limitada e comportando uma multiplicidade de resist\u00eancia e um desejo de conviv\u00eancia.<\/p>\n<h4>\u00a0<\/h4>\n<h4>\u00d3rg\u00e3os Sociais<\/h4>\n<h6>Direc\u00e7\u00e3o<\/h6>\n<p><b>Isabel Machado<\/b>\u00a0Presidente<br \/><b>Tom\u00e1s Baltazar<\/b> Vice-Presidente<br \/><b>Pedro Fernandes Duarte<\/b> Tesoureiro<br \/><b>Catarina Boieiro<\/b>\u00a01\u00aa Vogal<br \/><b>H\u00e9lder Beja<\/b> 2\u00ba Vogal<\/p>\n<h6>Mesa da Assembleia Geral<\/h6>\n<p><b>Rodrigo Pedro<\/b>\u00a0Presidente<br \/><b>Maria Jo\u00e3o Malheiro<\/b>\u00a0Vice-Presidente<br \/><b>Stefanie Baumann<\/b>\u00a0Secret\u00e1ria<\/p>\n<h6>Conselho Fiscal<\/h6>\n<p><b>Sandro\u00a0Ara\u00fajo<\/b>\u00a0Presidente<br \/><b>Miguel Ribeiro<\/b> 1\u00ba Vogal<br \/><b>Luca D&#8217;Introno<\/b> 2\u00ba Vogal<\/p>\n<h4>\u00a0<\/h4>\n\n\n<p><\/p>\n","protected":false},"excerpt":{"rendered":"<p>A Apordoc &#8211; Associa\u00e7\u00e3o pelo Document\u00e1rio, fundada em 1998, \u00e9 uma associa\u00e7\u00e3o cultural sem fins lucrativos que tem como principais objectivos apoiar, promover e estimular o interesse pelo cinema documental. Dos seus s\u00f3cios fazem parte cineastas, produtores, professores, investigadores, programadores&#8230;<\/p>\n","protected":false},"author":2,"featured_media":0,"parent":0,"menu_order":0,"comment_status":"closed","ping_status":"closed","template":"","meta":{"_exactmetrics_skip_tracking":false,"_exactmetrics_sitenote_active":false,"_exactmetrics_sitenote_note":"","_exactmetrics_sitenote_category":0,"footnotes":""},"class_list":["post-84","page","type-page","status-publish","hentry"],"_links":{"self":[{"href":"https:\/\/www.apordoc.org\/index.php?rest_route=\/wp\/v2\/pages\/84","targetHints":{"allow":["GET"]}}],"collection":[{"href":"https:\/\/www.apordoc.org\/index.php?rest_route=\/wp\/v2\/pages"}],"about":[{"href":"https:\/\/www.apordoc.org\/index.php?rest_route=\/wp\/v2\/types\/page"}],"author":[{"embeddable":true,"href":"https:\/\/www.apordoc.org\/index.php?rest_route=\/wp\/v2\/users\/2"}],"replies":[{"embeddable":true,"href":"https:\/\/www.apordoc.org\/index.php?rest_route=%2Fwp%2Fv2%2Fcomments&post=84"}],"version-history":[{"count":20,"href":"https:\/\/www.apordoc.org\/index.php?rest_route=\/wp\/v2\/pages\/84\/revisions"}],"predecessor-version":[{"id":1247,"href":"https:\/\/www.apordoc.org\/index.php?rest_route=\/wp\/v2\/pages\/84\/revisions\/1247"}],"wp:attachment":[{"href":"https:\/\/www.apordoc.org\/index.php?rest_route=%2Fwp%2Fv2%2Fmedia&parent=84"}],"curies":[{"name":"wp","href":"https:\/\/api.w.org\/{rel}","templated":true}]}}